est common divisor of 8 and x.
1
Let l = -23 - -33. What is the greatest common factor of l and 10?
10
Suppose 6*f - 7*f = -9. Calculate the highest common divisor of 6 and f.
3
Let h(g) = -g**2 - 20*g + 14. Let j be h(-20). What is the greatest common divisor of j and 70?
14
Suppose -4*b + 497 = -3*y, -394 = -3*b - 0*b - 2*y. What is the highest common divisor of 16 and b?
16
Suppose 7*t = 4*t + 90. What is the greatest common divisor of 15 and t?
15
Let s be (77/22)/((-2)/4). Let c be -3*(-2 - 6) + -2. Let z = s + c. Calculate the highest common factor of z and 120.
15
Let s be 8/6*(18/1 + 0). Suppose -q = q - 192. What is the greatest common factor of q and s?
24
Let s = 17 - 15. Suppose -5*m - 3*r + 375 = -2*r, -s*m + 150 = -r. What is the highest common divisor of 30 and m?
15
Let z(v) = -v**2 - 2*v + 123. Let g be z(0). Calculate the greatest common divisor of g and 41.
41
Suppose 1325 = 5*m - t - t, -t + 272 = m. Let z be m/(-4) + 11/(-44). Let o = 103 + z. Calculate the greatest common divisor of o and 12.
12
Suppose -5*m - 174 = -4*w - 0*w, -5*w - 3*m + 236 = 0. Calculate the highest common divisor of w and 69.
23
Let o be 2 + -4 + 19 + 1. Suppose y - 9 = -3*n + 4, 4*y = 5*n - 16. Let a be (n/(-6))/((-4)/o). What is the highest common divisor of 2 and a?
1
Let f(o) = -40*o + 4. Let j(c) = c. Let p(y) = -f(y) - 12*j(y). Let x be p(3). What is the greatest common factor of 10 and x?
10
Let v = 7 - -37. Let s be 0 + -1 + (-2)/(-2). Let k = 11 - s. What is the highest common divisor of v and k?
11
Let h be (-2)/4 - 172/(-8). Let n be 3/(-3) + h - -1. Calculate the highest common divisor of n and 168.
21
Let w(k) = k**3 + 15*k**2 + 10*k - 2. Let s be w(-14). What is the greatest common factor of s and 18?
18
Suppose -3*m + 4*n + 44 = -18, -5*m + 105 = -5*n. What is the highest common factor of m and 176?
22
Suppose a - 5 = -0*a. Calculate the greatest common factor of 45 and a.
5
Suppose -2*j + 6*j + 48 = 0. Let b be -88*((-27)/j - 3). Let n = -3 - -9. Calculate the greatest common factor of b and n.
6
Let u be ((-3)/6 - 1)*-2. Let p be (2/u)/(2/(-3)). Let v(z) = -30*z. Let s be v(p). What is the greatest common divisor of s and 45?
15
Let z(m) = -8*m**2 - 2*m + 1. Let x be z(-2). Let g be 3/(x/(-6))*12. Let l = 6 + 2. What is the greatest common factor of g and l?
8
Let k = -21 - -27. Let b = -12 - -22. Let y = b - 6. Calculate the highest common factor of y and k.
2
Suppose 2*w + 4*r - 36 = 0, 22 = 2*w + 2*w - 2*r. What is the highest common factor of 32 and w?
8
Let o(a) = a**3 - 2*a**2 - 3*a + 3. Let j be o(3). Suppose 3*l - 142 = 242. Suppose j*g - l = -g. What is the highest common factor of 8 and g?
8
Suppose -5*y + 6*b + 1180 = 3*b, 2*y + 5*b - 472 = 0. Suppose -3*k + 310 = -y. What is the greatest common divisor of 26 and k?
26
Let z = 72 + 49. Suppose 2*g = -5*c + 52, -g = -4*c + g + 56. Let p be c/1 - (0 - -1). What is the greatest common factor of p and z?
11
Let o(v) = v**3 + 4*v**2 + v - 1. Let f(x) = x + 5 - 2 + 0 + 0. Let w be f(-6). Let n be o(w). Calculate the greatest common factor of 45 and n.
5
Let d be 1*(169 + (-2 - -1)). Let z = -17 - -5. Let w be ((-7)/(-2))/((-2)/z). What is the highest common divisor of d and w?
21
Let d(g) = 9*g + 34. Let u be d(15). What is the greatest common divisor of 13 and u?
13
Let o = -11 - -21. Let r be -3*o/(-2) - -1. Let d be (-1 - -3*3)*10. Calculate the greatest common divisor of d and r.
16
Let h be 706/14 + 21/(-49). Calculate the highest common divisor of h and 10.
10
Suppose 5*i + c - 2*c - 59 = 0, -2*i = -c - 23. Calculate the highest common divisor of 12 and i.
12
Suppose -4*k - 2*b = 3*b + 21, -b - 4 = k. Calculate the highest common factor of 8 and k.
1
Suppose -4*m + 100 = v + 3*v, -3*v + 99 = 4*m. What is the highest common divisor of 240 and m?
24
Let i be (-3)/9 + (-1)/(-3). Suppose i = -4*l + 44 + 140. Let n = l + -28. What is the highest common factor of 9 and n?
9
Let q be (2/(-5))/((-2)/110). Let x = -36 - -91. What is the greatest common factor of q and x?
11
Let i = 2 - -14. What is the greatest common factor of i and 4?
4
Let a be 1/(((-4)/2)/(-24)). Let s be -1 - (-8 + 1)*-3. Let h = s - -130. Calculate the highest common factor of h and a.
12
Let a be (-447)/(-2) + 4/8. Let p be (-6)/27 - 508/(-18). Calculate the greatest common divisor of p and a.
28
Let a(s) = 2*s**2 - 10*s - 12. Let w be a(11). What is the greatest common factor of 30 and w?
30
Let f be 120 + 4 + 2*2. What is the highest common divisor of f and 16?
16
Suppose -12*p = -17*p + 920. Calculate the highest common divisor of p and 23.
23
Suppose -5*l = 20, -o - 2*o = -5*l - 230. What is the greatest common factor of o and 14?
14
Let o(j) = -8*j**3 - 2*j + 2. Let d be o(1). Let p = 28 + d. Calculate the greatest common factor of 4 and p.
4
Let r(q) = -4*q + 2*q - 8 + q - q. Let a be r(-6). Let d(x) = -x**2 + 7*x + 2. Let t be d(6). Calculate the highest common divisor of t and a.
4
Suppose h - 5*h = 12. Let f be (-1 + h/15)*-80. Let d be (18/2)/(6/8). What is the greatest common factor of f and d?
12
Let n = -7 + 8. Suppose -n = 2*s + 3*c - 50, -128 = -5*s - 2*c. Suppose z - 2*m - 43 = 0, 0*m + 74 = 2*z + 2*m. What is the highest common divisor of s and z?
13
Suppose -3*z - 19*l - 13 = -24*l, z - 2*l + 6 = 0. Calculate the greatest common divisor of 44 and z.
4
Suppose 0 = 3*s - 4 - 2. Suppose s*x + 2*a = -a + 33, -2*x + 2*a = -28. What is the highest common divisor of x and 3?
3
Suppose 176 + 97 = -3*i. Let c = i - -154. What is the greatest common factor of c and 7?
7
Let r be (-12)/(-10)*(-10)/(-3). Suppose r*c - 6*c = -22. What is the greatest common divisor of 22 and c?
11
Suppose 38 = 4*q - 34. Calculate the highest common divisor of q and 9.
9
Let n = -29 + 31. What is the highest common divisor of 4 and n?
2
Let m(a) = -a**2 - 23*a - 21. Let q be m(-21). What is the greatest common factor of q and 357?
21
Suppose j - t - 30 = 9, -132 = -4*j - 2*t. Calculate the highest common factor of j and 7.
7
Let h = 9 + -7. Suppose 35 - h = 3*r. Calculate the greatest common divisor of 88 and r.
11
Let w be 69/2 + 2/4. Suppose 4*o + 42 = 3*r + o, -70 = -5*r - 5*o. What is the greatest common factor of w and r?
7
Suppose 3*a = 2*f - 3, 0*f - f - 3*a = -24. Calculate the greatest common factor of f and 12.
3
Let t = 112 + -76. Let r be ((-72)/(-108))/((-2)/(-27)). Calculate the greatest common divisor of t and r.
9
Let s(z) = z + 6. Let v be 1 - (-2 - -3)*6. Let j be s(v). Let h be 30 - 4 - 2/j. Calculate the greatest common factor of 60 and h.
12
Let t(o) = o**2 + 5*o - 6. Let a be t(-5). Let b(m) = m**2 + m - 13. Let x be b(a). What is the greatest common factor of 17 and x?
17
Let j be (-12)/10*(-15)/6. Suppose j*s = -s + 44. What is the highest common factor of s and 11?
11
Let h = 11 - -13. Suppose -3*p - p + 24 = 0. Let c be -1 + 2 + 30/p. Calculate the greatest common divisor of c and h.
6
Let m = 38 + 3. Let x be m + (-1 - 4/4). Calculate the greatest common divisor of 13 and x.
13
Let o = 0 + 1. What is the highest common factor of o and 9?
1
Let l = 11 - 9. Let q = l - -6. What is the greatest common divisor of 56 and q?
8
Let d(o) = 17*o**2 + o + 1. Let p be 2 + (-6)/(-2)*-1. Let q be d(p). Let v = 35 - q. Calculate the highest common divisor of 162 and v.
18
Let t = 101 + 11. What is the highest common divisor of t and 14?
14
Suppose f + 9 = 4*f. Let t(c) be the second derivative of c**5/20 - 2*c. Let u be t(1). Calculate the greatest common factor of u and f.
1
Let n = 8 + -4. Suppose -2*s + g + 16 = -s, n*g - 8 = -2*s. Calculate the highest common divisor of 108 and s.
12
Let c = 24 + 13. Let v = 77 - c. What is the highest common divisor of v and 60?
20
Let x(a) = -a**3 + 6*a**2 - 3*a - 4. Let m be x(5). Let l be 0 + m - -1 - -2. Calculate the highest common factor of 3 and l.
3
Let v be ((-38)/(-3))/(2/3). Let n = v - -3. What is the greatest common divisor of 55 and n?
11
Let g = 13 - 10. Suppose -2*y = -4*j + 38, 2*j + j - g*y - 27 = 0. Calculate the greatest common divisor of j and 110.
10
Let f(n) = 2*n**2 - 2*n + 1. Let h be f(3). Let o = 40 - 27. What is the greatest common factor of h and o?
13
Let i = 129 + -66. Let a = 164 - 155. What is the highest common factor of i and a?
